est common factor of m and 120?
30
Let c(u) = -7*u**2 + 2*u**2 + 4*u**2. Let t(w) = -w**2 + w + 1. Let k(x) = -6*c(x) + 3*t(x). Let h be k(-2). Calculate the greatest common factor of h and 99.
9
Let s = 81 - 137. Let g be (s/16)/(2/(-60)). What is the highest common divisor of 15 and g?
15
Suppose 3*u = 6 + 18. Let x(l) = -2*l**3 - 17*l**2 - 9*l - 7. Let j be x(-8). Calculate the highest common divisor of u and j.
1
Suppose 483 = 5*z - q, 464 - 83 = 4*z + q. What is the highest common factor of z and 204?
12
Let v = -400 + 423. Calculate the highest common divisor of v and 69.
23
Let q = -59 - -89. Suppose 6*t = 3*t + 270. Calculate the greatest common factor of q and t.
30
Let l(b) = 5*b + 22. Let f be l(-9). Let a(r) = r**2 + r + 2. Let v be a(0). Let n be 0 - (v + 1) - f. What is the highest common divisor of n and 60?
20
Let g = 14 + -5. Let w be (-4)/(-6) + 66/g. Let f = 43 - -21. What is the greatest common divisor of f and w?
8
Let p(z) = 10*z**2 + 4*z. Let g(q) = q**2 + 3*q - 4. Let l be g(-3). Let i be 6/9*(l - 2). Let o be p(i). What is the highest common divisor of 18 and o?
18
Let h be (-2483)/(-5) - (235/(-25) + 9). Calculate the highest common divisor of 213 and h.
71
Suppose 9*m - 34 - 2 = 0. Suppose 0 = 6*j - 92 - m. Calculate the highest common divisor of j and 48.
16
Suppose 13 = i - 2*f, i - 5*i - 3*f + 85 = 0. What is the highest common factor of 361 and i?
19
Suppose 0 = -15*z + 1329 + 1716. Let w = -39 - -68. What is the greatest common factor of z and w?
29
Let s(q) = 6*q**2 - 2*q - 3. Let k = -66 - -69. Let y be s(k). Calculate the highest common factor of 30 and y.
15
Let z be 1398/14 - (-5)/35. What is the highest common divisor of 80 and z?
20
Suppose -9*p + 6971 = 1841. Calculate the greatest common divisor of 152 and p.
38
Let f = 25 + 15. Suppose 3*o = -4 + 13, -4*u = -4*o - 28. What is the highest common factor of f and u?
10
Suppose 0 = -n - 4*u - 10, -4*u + 2 = 4*n + 6. Suppose -4*d - 26 = -4*s + d, n = 2*s + 3*d. Calculate the highest common factor of s and 1.
1
Suppose b - 324 = 126. Calculate the highest common divisor of 18 and b.
18
Let z(n) be the second derivative of n**4/12 - 8*n**3/3 + 10*n**2 - 5*n. Let v be z(15). Calculate the greatest common factor of 2 and v.
1
Let s be (-7 - -9)*17*27/2. Calculate the greatest common factor of s and 27.
27
Suppose -3*r = -0 - 129. Suppose -r - 47 = -3*k. What is the highest common divisor of k and 6?
6
Suppose 0 = k + r - 4*r - 3, -2*k = 2*r + 26. Let m = k - -15. Suppose 18 = -2*t + 5*t. Calculate the greatest common divisor of t and m.
6
Let o = -269 + 285. Calculate the greatest common factor of o and 56.
8
Suppose 0 = -0*p + p - 21. Let g = p - 13. Suppose 2*t + g = 3*n, 6*t = -5*n + 2*t + 6. What is the greatest common factor of 10 and n?
2
Let i be 2 - (-4)/(-8)*-1*124. Let z be (5/(-3) - -1)*-12. Calculate the greatest common factor of i and z.
8
Suppose 0 = 5*k - 474 - 41. Suppose c - k = -3*c + 3*p, 108 = 4*c - 4*p. What is the highest common factor of c and 11?
11
Let c be (-18)/15*(-30)/12. Suppose 2*i - 566 = i + 4*q, 0 = -4*i - c*q + 2188. Suppose -b - b = -i. What is the greatest common divisor of 25 and b?
25
Let n = -227 - -234. Calculate the greatest common divisor of n and 4.
1
Let f(u) = 11*u**2 - 15*u + 4. Let i be f(-7). What is the highest common divisor of i and 4?
4
Suppose 5*z - 8 = s - 0*z, z = 2*s - 2. Suppose -15*f = -5*f - 160. Suppose -170 = -7*u - f. Calculate the greatest common factor of u and s.
2
Suppose -3 = 2*y - 81. What is the greatest common factor of 897 and y?
39
Let p(b) = 2*b**2 + 5*b - 3. Let r be p(3). Let d be (27 + -3)*2/4. What is the highest common divisor of r and d?
6
Let n = -283 + 290. Calculate the highest common divisor of 1 and n.
1
Suppose 0 = -n + 5*l + 37, 0 = 8*n - 3*n + 4*l - 40. Suppose 86 = 5*p - 164. Let c be (-4)/(-26) + p/13. What is the greatest common factor of c and n?
4
Let c be (14 - 15)*(-14)/2. Let x = -2 + 1. Let t be (-1)/(x/(-2)) + 37. Calculate the highest common divisor of t and c.
7
Let c(u) = 21 - 24*u**2 + 8*u + 51*u**2 - 24*u**2. Let o be c(-4). Calculate the highest common factor of o and 111.
37
Let h(v) = -19*v - 1. Let z be h(-1). Let b(x) = -6*x**2 - x - 6. Let m be b(-6). Let a be (-110)/33*m/5. What is the highest common factor of a and z?
18
Suppose -20 = -r + 5*r, 605 = 5*w + 3*r. Calculate the greatest common divisor of 589 and w.
31
Let y(i) = -3*i**3 - 4*i**2 - 3*i - 6. Let d be y(-5). What is the highest common divisor of 142 and d?
142
Let p = 704 + -702. What is the highest common factor of p and 118?
2
Let j be 141/4 - (-1)/(-4). Let v = 1849 - 1844. What is the highest common factor of v and j?
5
Let s be (-1)/(-5) + (-4536)/(-70) + -5. What is the highest common divisor of 570 and s?
30
Let d(s) = s**3 - 3*s**2 + 4 + 5*s - 3*s + 9*s**2. Let q be d(-4). Let p = -28 - -70. Calculate the highest common divisor of p and q.
14
Let b be ((-11)/5 - 1)*(-7 + 2). Calculate the highest common divisor of b and 416.
16
Let c be ((-120)/50)/((-2)/10). Let t be 1*12 - 0/3. Let z(u) = 7*u + 12. Let i be z(t). What is the highest common factor of i and c?
12
Suppose -5*k = r - 364, 3*r + 13 = 5*k - 335. Let h be 6/(-8) - 86/(-8). Suppose -t = h - 18. Calculate the greatest common divisor of t and k.
8
Let b(i) = -5*i**3 - i - 1. Let x be b(-1). Let j(h) = -h**3 - 7*h**2 - 5*h - 7. Let f be j(-6). Let w = 33 + f. What is the greatest common factor of x and w?
5
Let x(d) = 14*d + 59. Let q be x(-4). Suppose -2*w - 3*o + 10 = 0, -2*o = 3*w - 0*o - 10. What is the greatest common factor of w and q?
1
Suppose 4*h - 8*h - 96 = 0. Let t = h + 24. Suppose g + 2*a = 90, 90 = -t*g + g + 4*a. Calculate the greatest common divisor of g and 10.
10
Suppose 113 = 12*q - 259. Let o(t) = 11*t**2 - 5 + 3*t - t**2 + 7*t**2. Let m be o(4). What is the highest common factor of q and m?
31
Let i(x) = -1 - 15*x + 25*x - 11*x. Let d be i(-3). What is the highest common factor of 2 and d?
2
Let b(f) = -f**3 + 2*f**2 + 4*f - 3. Let q be b(-4). Let y be 6/9 + 76/12. What is the greatest common divisor of q and y?
7
Let f = 651 - 549. What is the highest common factor of 85 and f?
17
Suppose -2*n + n = 0. Suppose 2*b = -2*r + 38, -2*r + b = -n*b - 26. Suppose -2*x = 10, x = -2*t - x. Calculate the greatest common divisor of r and t.
5
Suppose 0 = 4*l - 0*l + 528. Let v be l/4 - 1 - 3. Let o = v - -79. What is the highest common factor of 28 and o?
14
Let n = -1071 - -1088. Calculate the highest common factor of n and 136.
17
Let v(h) = -3*h**3 - 7*h**2 - 1 - 5*h - 4 + 4*h**3 + 2. Let y = 15 - 7. Let k be v(y). What is the highest common factor of k and 42?
21
Suppose 108 = 30*b - 552. Calculate the greatest common factor of b and 2156.
22
Suppose -2*v = 2*f - 36, -36 - 26 = -4*v + f. Let k be (-4)/(v/12) + 9. Let m be k/(-4) + (-42)/(-12). Calculate the highest common divisor of 18 and m.
2
Suppose -3*p + 181 = -p + y, -4*p - 4*y + 364 = 0. Suppose -2*g - 5*j + j = -80, -g - j + 38 = 0. Calculate the highest common factor of p and g.
18
Let m(b) = 21*b**2 - 2*b - b + 1 + 4*b. Let w be m(-1). Calculate the highest common factor of w and 14.
7
Let f = 271 - 54. What is the highest common divisor of f and 186?
31
Let n(c) = 25*c**2 + 2*c + 3. Suppose 0 = 2*k - 3*k + 14. Suppose -4*x - k + 6 = 0. Let q be n(x). Calculate the highest common divisor of q and 9.
9
Let t be (-6)/4*(-500)/30. Calculate the highest common factor of 200 and t.
25
Let y = -273 + 296. Let i = 221 + 32. What is the greatest common factor of y and i?
23
Suppose 14*f + 815 - 3503 = 0. What is the greatest common divisor of 264 and f?
24
Let z(u) = -u**3 + 13*u**2 + 19*u - 36. Let y be z(14). Suppose 2*j - 7 + 1 = 0. Suppose 2*f - j*f + 51 = 0. Calculate the highest common factor of f and y.
17
Let u(r) = -r**2 + 1152 + 4*r - 1119 - 24*r. Let d be u(-20). Let j = 73 - 40. What is the highest common divisor of j and d?
33
Suppose 24*y = 8*y + 2832. What is the highest common divisor of 3 and y?
3
Suppose -1368 + 1186 = -7*g. Calculate the greatest common factor of g and 403.
13
Suppose -3*v = 2*v - 125. Suppose 0 = u + 3*m - 12, -6 = -5*m + 9. Let t(a) = 10*a**3 + 3*a - 4. Let d be t(u). What is the highest common factor of d and v?
25